{"id":23,"date":"2023-07-28T01:33:26","date_gmt":"2023-07-27T23:33:26","guid":{"rendered":"http:\/\/bcs-rdc.com\/2023\/?page_id=23"},"modified":"2023-09-29T06:08:13","modified_gmt":"2023-09-29T04:08:13","slug":"a-propos","status":"publish","type":"page","link":"http:\/\/bcs-rdc.com\/2023\/a-propos\/","title":{"rendered":"A propos"},"content":{"rendered":"\t\t<div data-elementor-type=\"wp-page\" data-elementor-id=\"23\" class=\"elementor elementor-23\">\n\t\t\t\t\t\t<section class=\"elementor-section elementor-top-section elementor-element elementor-element-047425c elementor-section-full_width elementor-section-height-default elementor-section-height-default wpr-particle-no wpr-jarallax-no wpr-parallax-no wpr-sticky-section-no\" data-id=\"047425c\" data-element_type=\"section\" data-e-type=\"section\" data-settings=\"{&quot;background_background&quot;:&quot;classic&quot;}\">\n\t\t\t\t\t\t\t<div class=\"elementor-background-overlay\"><\/div>\n\t\t\t\t\t\t\t<div class=\"elementor-container elementor-column-gap-default\">\n\t\t\t\t\t<div class=\"elementor-column elementor-col-100 elementor-top-column elementor-element elementor-element-1c143ff\" data-id=\"1c143ff\" data-element_type=\"column\" data-e-type=\"column\">\n\t\t\t<div class=\"elementor-widget-wrap elementor-element-populated\">\n\t\t\t\t\t\t<div class=\"elementor-element elementor-element-f00aaf2 elementor-widget elementor-widget-spacer\" data-id=\"f00aaf2\" data-element_type=\"widget\" data-e-type=\"widget\" data-widget_type=\"spacer.default\">\n\t\t\t\t<div class=\"elementor-widget-container\">\n\t\t\t\t\t\t\t<div class=\"elementor-spacer\">\n\t\t\t<div class=\"elementor-spacer-inner\"><\/div>\n\t\t<\/div>\n\t\t\t\t\t\t<\/div>\n\t\t\t\t<\/div>\n\t\t\t\t<section class=\"elementor-section elementor-inner-section elementor-element elementor-element-9e78bd4 elementor-section-boxed elementor-section-height-default elementor-section-height-default wpr-particle-no wpr-jarallax-no wpr-parallax-no wpr-sticky-section-no\" data-id=\"9e78bd4\" data-element_type=\"section\" data-e-type=\"section\">\n\t\t\t\t\t\t<div class=\"elementor-container elementor-column-gap-default\">\n\t\t\t\t\t<div class=\"elementor-column elementor-col-33 elementor-inner-column elementor-element elementor-element-9fff561\" data-id=\"9fff561\" data-element_type=\"column\" data-e-type=\"column\">\n\t\t\t<div class=\"elementor-widget-wrap elementor-element-populated\">\n\t\t\t\t\t\t<div class=\"elementor-element elementor-element-662a4a1 elementor-hidden-tablet elementor-hidden-mobile elementor-widget elementor-widget-image\" data-id=\"662a4a1\" data-element_type=\"widget\" data-e-type=\"widget\" data-widget_type=\"image.default\">\n\t\t\t\t<div class=\"elementor-widget-container\">\n\t\t\t\t\t\t\t\t\t\t\t\t\t\t\t<img decoding=\"async\" width=\"253\" height=\"120\" src=\"http:\/\/bcs-rdc.com\/2023\/wp-content\/uploads\/2023\/07\/logo_bcs_blanc-1.png\" class=\"attachment-large size-large wp-image-356\" alt=\"\" \/>\t\t\t\t\t\t\t\t\t\t\t\t\t\t\t<\/div>\n\t\t\t\t<\/div>\n\t\t\t\t\t<\/div>\n\t\t<\/div>\n\t\t\t\t<div class=\"elementor-column elementor-col-33 elementor-inner-column elementor-element elementor-element-7bf278b\" data-id=\"7bf278b\" data-element_type=\"column\" data-e-type=\"column\">\n\t\t\t<div class=\"elementor-widget-wrap\">\n\t\t\t\t\t\t\t<\/div>\n\t\t<\/div>\n\t\t\t\t<div class=\"elementor-column elementor-col-33 elementor-inner-column elementor-element elementor-element-a6b3316\" data-id=\"a6b3316\" data-element_type=\"column\" data-e-type=\"column\">\n\t\t\t<div class=\"elementor-widget-wrap elementor-element-populated\">\n\t\t\t\t\t\t<div class=\"elementor-element elementor-element-66bf17f elementor-widget elementor-widget-spacer\" data-id=\"66bf17f\" data-element_type=\"widget\" data-e-type=\"widget\" data-widget_type=\"spacer.default\">\n\t\t\t\t<div class=\"elementor-widget-container\">\n\t\t\t\t\t\t\t<div class=\"elementor-spacer\">\n\t\t\t<div class=\"elementor-spacer-inner\"><\/div>\n\t\t<\/div>\n\t\t\t\t\t\t<\/div>\n\t\t\t\t<\/div>\n\t\t\t\t<div class=\"elementor-element elementor-element-fc4a225 elementor-widget elementor-widget-heading\" data-id=\"fc4a225\" data-element_type=\"widget\" data-e-type=\"widget\" data-widget_type=\"heading.default\">\n\t\t\t\t<div class=\"elementor-widget-container\">\n\t\t\t\t\t<h2 class=\"elementor-heading-title elementor-size-default\">A propos de nous<\/h2>\t\t\t\t<\/div>\n\t\t\t\t<\/div>\n\t\t\t\t\t<\/div>\n\t\t<\/div>\n\t\t\t\t\t<\/div>\n\t\t<\/section>\n\t\t\t\t<div class=\"elementor-element elementor-element-840ab03 elementor-widget elementor-widget-spacer\" data-id=\"840ab03\" data-element_type=\"widget\" data-e-type=\"widget\" data-widget_type=\"spacer.default\">\n\t\t\t\t<div class=\"elementor-widget-container\">\n\t\t\t\t\t\t\t<div class=\"elementor-spacer\">\n\t\t\t<div class=\"elementor-spacer-inner\"><\/div>\n\t\t<\/div>\n\t\t\t\t\t\t<\/div>\n\t\t\t\t<\/div>\n\t\t\t\t\t<\/div>\n\t\t<\/div>\n\t\t\t\t\t<\/div>\n\t\t<\/section>\n\t\t\t\t<section class=\"elementor-section elementor-top-section elementor-element elementor-element-2b0ae86 elementor-reverse-tablet elementor-reverse-mobile elementor-section-boxed elementor-section-height-default elementor-section-height-default wpr-particle-no wpr-jarallax-no wpr-parallax-no wpr-sticky-section-no\" data-id=\"2b0ae86\" data-element_type=\"section\" data-e-type=\"section\">\n\t\t\t\t\t\t<div class=\"elementor-container elementor-column-gap-default\">\n\t\t\t\t\t<div class=\"elementor-column elementor-col-50 elementor-top-column elementor-element elementor-element-d75847a\" data-id=\"d75847a\" data-element_type=\"column\" data-e-type=\"column\">\n\t\t\t<div class=\"elementor-widget-wrap elementor-element-populated\">\n\t\t\t\t\t\t<div class=\"elementor-element elementor-element-e01fb66 elementor-widget elementor-widget-image\" data-id=\"e01fb66\" data-element_type=\"widget\" data-e-type=\"widget\" data-widget_type=\"image.default\">\n\t\t\t\t<div class=\"elementor-widget-container\">\n\t\t\t\t\t\t\t\t\t\t\t\t\t\t\t<img fetchpriority=\"high\" decoding=\"async\" width=\"960\" height=\"640\" src=\"http:\/\/bcs-rdc.com\/2023\/wp-content\/uploads\/2023\/08\/hand-gd4ec01b83_1920-1024x683.jpg\" class=\"attachment-large size-large wp-image-239\" alt=\"\" srcset=\"http:\/\/bcs-rdc.com\/2023\/wp-content\/uploads\/2023\/08\/hand-gd4ec01b83_1920-1024x683.jpg 1024w, http:\/\/bcs-rdc.com\/2023\/wp-content\/uploads\/2023\/08\/hand-gd4ec01b83_1920-300x200.jpg 300w, http:\/\/bcs-rdc.com\/2023\/wp-content\/uploads\/2023\/08\/hand-gd4ec01b83_1920-768x512.jpg 768w, http:\/\/bcs-rdc.com\/2023\/wp-content\/uploads\/2023\/08\/hand-gd4ec01b83_1920-1536x1024.jpg 1536w, http:\/\/bcs-rdc.com\/2023\/wp-content\/uploads\/2023\/08\/hand-gd4ec01b83_1920.jpg 1920w\" sizes=\"(max-width: 960px) 100vw, 960px\" \/>\t\t\t\t\t\t\t\t\t\t\t\t\t\t\t<\/div>\n\t\t\t\t<\/div>\n\t\t\t\t\t<\/div>\n\t\t<\/div>\n\t\t\t\t<div class=\"elementor-column elementor-col-50 elementor-top-column elementor-element elementor-element-2b13c50\" data-id=\"2b13c50\" data-element_type=\"column\" data-e-type=\"column\">\n\t\t\t<div class=\"elementor-widget-wrap elementor-element-populated\">\n\t\t\t\t\t\t<div class=\"elementor-element elementor-element-2185c58 elementor-widget elementor-widget-heading\" data-id=\"2185c58\" data-element_type=\"widget\" data-e-type=\"widget\" data-widget_type=\"heading.default\">\n\t\t\t\t<div class=\"elementor-widget-container\">\n\t\t\t\t\t<h2 class=\"elementor-heading-title elementor-size-default\">Ce que nous sommes<\/h2>\t\t\t\t<\/div>\n\t\t\t\t<\/div>\n\t\t\t\t<div class=\"elementor-element elementor-element-fd30561 elementor-widget elementor-widget-text-editor\" data-id=\"fd30561\" data-element_type=\"widget\" data-e-type=\"widget\" data-widget_type=\"text-editor.default\">\n\t\t\t\t<div class=\"elementor-widget-container\">\n\t\t\t\t\t\t\t\t\t<p>BCS est une soci\u00e9t\u00e9 de conseil en organisation et service en ing\u00e9nierie (informatique, \u00e9nergie, sant\u00e9, \u00e9ducation, etc.), commun\u00e9ment appel\u00e9e aujourd\u2019hui avec l\u2019explosion de l\u2019informatique ESP (Entreprise de Services Num\u00e9rique). En effet BCS a pour vocation d\u2019aider toutes ses clients dans leur transformation num\u00e9rique et d\u2019adresser le march\u00e9 de la RDC et sa r\u00e9gion Afrique.<\/p><p>Quelles sont les besoins auxquels BCS r\u00e9pond\u00a0:<\/p><p>La r\u00e9gion enregistre une moyenne d\u2019un nouvel utilisateur d\u2019Internet par seconde<\/p><p>Cette r\u00e9volution num\u00e9rique transforme les \u00e9conomies et le quotidien des entreprises et des populations. De plus, la pand\u00e9mie de COVID-19 sur les pays subsahariens a amplifi\u00e9 le ph\u00e9nom\u00e8ne.<\/p>\t\t\t\t\t\t\t\t<\/div>\n\t\t\t\t<\/div>\n\t\t\t\t\t<\/div>\n\t\t<\/div>\n\t\t\t\t\t<\/div>\n\t\t<\/section>\n\t\t\t\t<section class=\"elementor-section elementor-inner-section elementor-element elementor-element-5475281e elementor-section-boxed elementor-section-height-default elementor-section-height-default wpr-particle-no wpr-jarallax-no wpr-parallax-no wpr-sticky-section-no\" data-id=\"5475281e\" data-element_type=\"section\" data-e-type=\"section\" data-settings=\"{&quot;background_background&quot;:&quot;classic&quot;}\">\n\t\t\t\t\t\t\t<div class=\"elementor-background-overlay\"><\/div>\n\t\t\t\t\t\t\t<div class=\"elementor-container elementor-column-gap-default\">\n\t\t\t\t\t<div class=\"elementor-column elementor-col-50 elementor-inner-column elementor-element elementor-element-7e24a6ed\" data-id=\"7e24a6ed\" data-element_type=\"column\" data-e-type=\"column\">\n\t\t\t<div class=\"elementor-widget-wrap elementor-element-populated\">\n\t\t\t\t\t\t<div class=\"elementor-element elementor-element-a50f4a1 elementor-widget__width-initial wpr-promo-box-style-cover elementor-widget elementor-widget-wpr-promo-box\" data-id=\"a50f4a1\" data-element_type=\"widget\" data-e-type=\"widget\" data-widget_type=\"wpr-promo-box.default\">\n\t\t\t\t<div class=\"elementor-widget-container\">\n\t\t\t\t\t\n\t\t<div class=\"wpr-promo-box wpr-animation-wrap\">\n\n\t\t\t\t\t\t\t\n\t\t\t\t\t\t\n\t\t\t<div class=\"wpr-promo-box-content\">\n\n\t\t\t\t\t\t\t\t<div class=\"wpr-promo-box-icon\">\n\t\t\t\t\t\t\t\t\t<\/div>\n\t\t\t\t\n\t\t\t\t<h3 class=\"wpr-promo-box-title\"><span>BCS vous accompagne dans votre transformation num\u00e9rique<\/span><\/h3>\n\t\t\t\t\t\t\t\t\t<div class=\"wpr-promo-box-description\">\n\t\t\t\t\t\t<p><p>Les solutions num\u00e9riques, plus que jamais contribuent \u00e0 pr\u00e9sent \u00e0 renforcer la r\u00e9silience des organisations et entreprises. \u00a0Elles aident \u00e9galement \u00e0 apporter des solutions rapides, flexibles et inclusives. La diffusion des technologies et de la culture num\u00e9riques engendrera de nouvelles opportunit\u00e9s de progr\u00e8s et d\u2019inclusion : plus d\u2019efficacit\u00e9 et de r\u00e9silience, un meilleur acc\u00e8s aux march\u00e9s internationaux, une am\u00e9lioration des services publics, plus de transparence et de responsabilisation, et la cr\u00e9ation de nouveaux emplois. Cependant, la transformation num\u00e9rique apporte aussi son lot de nouveaux probl\u00e8mes (les r\u00e9organisations n\u00e9cessaires et imp\u00e9ratives, les tensions sur les emplois, l\u2019appropriation rapide de nouveaux outils, les risques li\u00e9es \u00e0 la cybers\u00e9curit\u00e9 et la confidentialit\u00e9 des donn\u00e9es.<\/p><\/p>\t\n\t\t\t\t\t<\/div>\t\t\t\t\t\t\n\t\t\t\t\n\t\t\t\t\t\t\t<\/div>\n\n\t\t\t\t\t<\/div>\n\n\t\t\t\t\t\t<\/div>\n\t\t\t\t<\/div>\n\t\t\t\t\t<\/div>\n\t\t<\/div>\n\t\t\t\t<div class=\"elementor-column elementor-col-50 elementor-inner-column elementor-element elementor-element-76d0ec88\" data-id=\"76d0ec88\" data-element_type=\"column\" data-e-type=\"column\">\n\t\t\t<div class=\"elementor-widget-wrap elementor-element-populated\">\n\t\t\t\t\t\t<div class=\"elementor-element elementor-element-238cb6a2 elementor-widget__width-initial wpr-promo-box-style-cover elementor-widget elementor-widget-wpr-promo-box\" data-id=\"238cb6a2\" data-element_type=\"widget\" data-e-type=\"widget\" data-widget_type=\"wpr-promo-box.default\">\n\t\t\t\t<div class=\"elementor-widget-container\">\n\t\t\t\t\t\n\t\t<div class=\"wpr-promo-box wpr-animation-wrap\">\n\n\t\t\t\t\t\t\t\n\t\t\t\t\t\t\n\t\t\t<div class=\"wpr-promo-box-content\">\n\n\t\t\t\t\t\t\t\t<div class=\"wpr-promo-box-icon\">\n\t\t\t\t\t\t\t\t\t<\/div>\n\t\t\t\t\n\t\t\t\t<h3 class=\"wpr-promo-box-title\"><span>Vous accompagne dans la strat\u00e9gie de changement de votre organisation<\/span><\/h3>\n\t\t\t\t\t\t\t\t\t<div class=\"wpr-promo-box-description\">\n\t\t\t\t\t\t<p><p>Il y a donc n\u00e9cessit\u00e9 pour les Etats de repenser les politiques publiques, et les entreprises de repenser leur organisation et leurs alignements dans le sens de leurs objectifs de production et de mitiger autant que possible les chocs structurelles et conjoncturelles \u00e9ventuelles. Ceci am\u00e8ne \u00e0 moyen termes au changement de culture.<\/p><p>BCS vous aide \u00e0 la mise en place d\u2019une vraie strat\u00e9gie de changement et de transformation digitale en amont et en aval vous accompagne dans l\u2019impl\u00e9mentation organisationnelle et des outils n\u00e9cessaires au pilotage. Ceci \u00e0 travers plusieurs types de services \u00e0 la carte\u00a0:<\/p><\/p>\t\n\t\t\t\t\t<\/div>\t\t\t\t\t\t\n\t\t\t\t\n\t\t\t\t\t\t\t<\/div>\n\n\t\t\t\t\t<\/div>\n\n\t\t\t\t\t\t<\/div>\n\t\t\t\t<\/div>\n\t\t\t\t\t<\/div>\n\t\t<\/div>\n\t\t\t\t\t<\/div>\n\t\t<\/section>\n\t\t\t\t<\/div>\n\t\t","protected":false},"excerpt":{"rendered":"<p>A propos de nous Ce que nous sommes BCS est une soci\u00e9t\u00e9 de conseil en organisation et service en ing\u00e9nierie (informatique, \u00e9nergie, sant\u00e9, \u00e9ducation, etc.), commun\u00e9ment appel\u00e9e aujourd\u2019hui avec l\u2019explosion de l\u2019informatique ESP (Entreprise de Services Num\u00e9rique). En effet BCS a pour vocation d\u2019aider toutes ses clients dans leur transformation num\u00e9rique et d\u2019adresser le march\u00e9 de la RDC et sa r\u00e9gion Afrique. Quelles sont les besoins auxquels BCS r\u00e9pond\u00a0: La r\u00e9gion enregistre une moyenne d\u2019un nouvel utilisateur d\u2019Internet par seconde Cette r\u00e9volution num\u00e9rique transforme les \u00e9conomies et le quotidien des entreprises et des populations. De plus, la pand\u00e9mie de COVID-19 sur les pays subsahariens a amplifi\u00e9 le ph\u00e9nom\u00e8ne. BCS vous accompagne dans votre transformation num\u00e9rique Les solutions num\u00e9riques, plus que jamais contribuent \u00e0 pr\u00e9sent \u00e0 renforcer la r\u00e9silience des organisations et entreprises. \u00a0Elles aident \u00e9galement \u00e0 apporter des solutions rapides, flexibles et inclusives. La diffusion des technologies et de la culture num\u00e9riques engendrera de nouvelles opportunit\u00e9s de progr\u00e8s et d\u2019inclusion : plus d\u2019efficacit\u00e9 et de r\u00e9silience, un meilleur acc\u00e8s aux march\u00e9s internationaux, une am\u00e9lioration des services publics, plus de transparence et de responsabilisation, et la cr\u00e9ation de nouveaux emplois. Cependant, la transformation num\u00e9rique apporte aussi son lot de nouveaux probl\u00e8mes (les r\u00e9organisations n\u00e9cessaires et imp\u00e9ratives, les tensions sur les emplois, l\u2019appropriation rapide de nouveaux outils, les risques li\u00e9es \u00e0 la cybers\u00e9curit\u00e9 et la confidentialit\u00e9 des donn\u00e9es. Vous accompagne dans la strat\u00e9gie de changement de votre organisation Il y a donc n\u00e9cessit\u00e9 pour les Etats de repenser les politiques publiques, et les entreprises de repenser leur organisation et leurs alignements dans le sens de leurs objectifs de production et de mitiger autant que possible les chocs structurelles et conjoncturelles \u00e9ventuelles. Ceci am\u00e8ne \u00e0 moyen termes au changement de culture. BCS vous aide \u00e0 la mise en place d\u2019une vraie strat\u00e9gie de changement et de transformation digitale en amont et en aval vous accompagne dans l\u2019impl\u00e9mentation organisationnelle et des outils n\u00e9cessaires au pilotage. Ceci \u00e0 travers plusieurs types de services \u00e0 la carte\u00a0:<\/p>\n","protected":false},"author":1,"featured_media":0,"parent":0,"menu_order":0,"comment_status":"closed","ping_status":"closed","template":"elementor_canvas","meta":{"footnotes":""},"class_list":["post-23","page","type-page","status-publish","hentry"],"_links":{"self":[{"href":"http:\/\/bcs-rdc.com\/2023\/wp-json\/wp\/v2\/pages\/23","targetHints":{"allow":["GET"]}}],"collection":[{"href":"http:\/\/bcs-rdc.com\/2023\/wp-json\/wp\/v2\/pages"}],"about":[{"href":"http:\/\/bcs-rdc.com\/2023\/wp-json\/wp\/v2\/types\/page"}],"author":[{"embeddable":true,"href":"http:\/\/bcs-rdc.com\/2023\/wp-json\/wp\/v2\/users\/1"}],"replies":[{"embeddable":true,"href":"http:\/\/bcs-rdc.com\/2023\/wp-json\/wp\/v2\/comments?post=23"}],"version-history":[{"count":37,"href":"http:\/\/bcs-rdc.com\/2023\/wp-json\/wp\/v2\/pages\/23\/revisions"}],"predecessor-version":[{"id":439,"href":"http:\/\/bcs-rdc.com\/2023\/wp-json\/wp\/v2\/pages\/23\/revisions\/439"}],"wp:attachment":[{"href":"http:\/\/bcs-rdc.com\/2023\/wp-json\/wp\/v2\/media?parent=23"}],"curies":[{"name":"wp","href":"https:\/\/api.w.org\/{rel}","templated":true}]}}